6
Let q(p) be the first derivative of -p**2/2 - 9*p - 33. Give q(0).
-9
Let t be (2 + 2)/(4/6). Let d = 1 + 1. Let u(q) = d*q**2 + q**2 - 6*q**2 + 2*q**2 + 1 - t*q. Calculate u(-6).
1
Let x = 3 + -1. Let k(b) be the second derivative of -b**5/20 + b**4/12 + b**3/3 - 3*b**2/2 + 335*b. Calculate k(x).
-3
Suppose 6*f = 4*f + 2. Let l(y) = 6*y - 3 - 3*y - f. Let g(t) = 4*t**2 + 23*t - 1. Let q be g(-6). Give l(q).
11
Let h(w) = -w**3 - 4*w**2 + 4. Suppose -2*q = -5*n + 33, q - 3*n + 6 = -13. Give h(q).
4
Let w(k) = 3*k - 14. Let n(f) = -f + 5. Let s(l) = l**3 - l**2 + 4. Let p be s(0). Let u(g) = p*w(g) + 11*n(g). Give u(4).
3
Let t(j) = -6*j + 1 - j + 5*j. Calculate t(5).
-9
Let q(s) = -s**2 + 8*s - 9. Let o be q(6). Suppose -o*x = -x. Let h(j) = j**3 + 1 - 1. Give h(x).
0
Let a(z) = -4*z**3 - 21*z**2 + 22*z + 24. Let o(s) = -3*s**3 - 14*s**2 + 15*s + 16. Let c(q) = -5*a(q) + 7*o(q). Calculate c(6).
-2
Suppose h = 1 - 6. Let b(u) = -u**3 - 5*u**2 - 6. Determine b(h).
-6
Let i(f) be the first derivative of f**3/3 - f**2 + f - 23. Calculate i(3).
4
Let r(u) be the third derivative of -u**5/60 + u**4/4 - 5*u**3/6 + 4*u**2. Determine r(4).
3
Let u(s) = 2*s - 7 + 10*s**2 + 4*s**2 - 15*s**2 + 2*s**2. Let x = -2 - -1. Let h(z) = 6*z + 1. Let l be h(x). What is u(l)?
8
Let j be ((-2)/1)/((-3)/12). Suppose -k - 8 = j. Let c be -2*1*(-24)/k. Let r(s) = s**3 + 4*s**2 + 3*s - 2. What is r(c)?
-2
Let s(v) = v**3 + v - 16. Suppose 2*b + 29 - 4 = 5*c, 2*c - 10 = 2*b. Determine s(b).
-16
Let i(o) = 2*o**2 - 4*o + 3. Let h be ((-2)/2)/(3/(-6)). Give i(h).
3
Suppose 5*z - 4*f = -5, 0 = -2*z + 5*z + 5*f - 34. Let g(v) = z*v + 0*v**2 + 4 + v**2 + 4*v - v. Calculate g(-6).
4
Let a(b) = 2*b**2 - 6. Let o(h) = -h**2 + 3. Let k(p) = -4*a(p) - 9*o(p). Determine k(-3).
6
Let f = 46 - 49. Let z(x) = -x**3 - 3*x**2. Give z(f).
0
Let n(f) = f**2 + 7*f - 4. Let q be n(-8). Suppose -q*i + 7*i = -12. Let m(d) = d**3 + 4*d**2 - 3*d - 6. What is m(i)?
6
Let t(r) = 3*r**2 - r**3 + 3 - 8 + 3. Let i(c) = 11 + 7*c**2 - c**3 + 3*c + 4*c - 1. Let g be i(8). What is t(g)?
2
Let h(j) = j**3 - 8*j**2 - 2*j + 7. Suppose 0 = -4*i + 17 + 15. What is h(i)?
-9
Let p be 28/(-3) + 4/(-6). Let k = p + 15. Let m(g) be the third derivative of -g**6/120 + g**5/12 + g**4/8 - 5*g**3/6 + 8*g**2. Determine m(k).
10
Let s(d) = 3*d - 2*d - 2 - 2*d. Let n be s(3). Let p(a) = -3*a - a**3 - 2*a + 2*a**3 + 5 + 4*a**2. Give p(n).
5
Let z(t) be the first derivative of -t**4 - t**3/3 + t**2/2 - t + 1. Let m = 10 - 6. Suppose m*p - p - 9 = 0, 2*p = y + 5. What is z(y)?
-5
Let f(v) = 2*v**2 + v. Let q be 1*(-2)/8 - (-15)/12. Calculate f(q).
3
Let d = 26 + -24. Let r(u) = 37*u**2 + 8 - 17*u**d - 19*u**2 + 9*u. What is r(-6)?
-10
Let p(c) = -20*c - 4. Let s(h) = 6*h + 1. Let g(x) = 2*p(x) + 7*s(x). What is g(-2)?
-5
Let k be ((-4)/14)/((-1)/7). Let c = 1 - 0. Let h(j) = -1 + 1 + c + 3*j. Give h(k).
7
Let n(b) = -12*b - 1. Let j(h) = -9*h - 55. Let k be j(-6). Give n(k).
11
Let q be 10/(-4)*168/(-70). Let i = q + -3. Let r(g) = -g**3 + 3*g**2 - 3*g + 4. Determine r(i).
-5
Let z = 1 + 4. Let n = z + -7. Let x(y) = -y**3 - y + 10 - 3 - y**2 - 8. Calculate x(n).
5
Let y(w) = 3*w**2 + 10*w**3 - 1 + w - 4*w**2 + 0*w - 3*w. Calculate y(-1).
-10
Let f(n) = 8*n**2 - 4*n**3 - 4 + 2*n**3 - 3*n**2 + 7*n + n**3. Determine f(6).
2
Let g(n) = -n**2 - 6*n - 3. Suppose -2*r + 8 = 4. Suppose 3*i = -p - 7, -r*p - 10 = i + 4*i. Give g(i).
5
Let y be 10/4*(4 - 2). Suppose -169 + 52 = -4*h - d, -y*d - 15 = 0. Suppose -4*t + h = t. Let w(o) = -o + 10. Calculate w(t).
4
Let d(z) = 14 + 14 - 26 - 7*z. Calculate d(2).
-12
Let p(d) be the third derivative of -d**5/60 + d**3/3 - d**2. Let k = -5 - -11. Suppose 2*c - k = -c. Give p(c).
-2
Suppose -4 = -0*l + 4*l. Let o(r) = -r - 3. Let u be o(0). Let v(k) = -13*k - 2. Let x(s) = 27*s + 5. Let b(p) = u*x(p) - 7*v(p). What is b(l)?
-11
Let y(f) be the second derivative of -f**5/20 + f**4/3 + 5*f**3/6 + 2*f**2 + 2*f. Suppose 6 - 21 = -3*r. Calculate y(r).
4
Let h = 8 + -3. Suppose h*v = 4*v + 2. Let k(p) = 4*p - p**2 + 2*p**2 - v + 0*p**2. Determine k(-4).
-2
Let u(z) = 4*z + 4. Let y(p) = 3*p**3 + 3*p**2 + 2*p - 4. Let w be y(1). Calculate u(w).
20
Let d(u) = u**3 + 3*u**2 + u + 2. Let n = -6 - -8. Suppose -1 = -x + w, -n*x = -3*x - 2*w - 11. Calculate d(x).
-1
Let t = 31 - 33. Let v(i) be the second derivative of i**3/3 - i**2/2 - i. Give v(t).
-5
Let j(l) = -l - 1. Suppose 2*x = -x + w - 7, 2*w + 26 = -4*x. Give j(x).
3
Suppose -2*h - 3*p + 0*p + 16 = 0, 62 = 3*h - 5*p. Let v = h - 23. Let n(j) = -23*j + 7. Let z(k) = 11*k - 3. Let x(f) = v*z(f) - 4*n(f). Calculate x(1).
-8
Let k(u) = -u**3 + 4*u**2 + 2*u**2 - 4*u**2 + 1 + 5*u. Suppose 29*o = 35*o - 24. Determine k(o).
-11
Let r(y) = 5*y + 25. Let q be r(-4). Let h(i) = 2*i - 2. Give h(q).
8
Let y(p) = -p**2 - 4*p + 3. Let j(k) = k + 1. Let z(a) = -3*j(a) - y(a). Give z(0).
-6
Let c(s) = -6*s - 49. Let i(p) be the second derivative of -p**3/6 - 5*p**2 - 3*p. Let d(f) = 2*c(f) - 11*i(f). What is d(5)?
7
Let i(g) = -g + 2. Let x(u) = 4*u - 9. Let q(s) = 9*i(s) + 2*x(s). Let h be q(-4). Suppose -h*y = -6 - 10. Let p(b) = -b**3 + 5*b**2 - 3*b - 1. What is p(y)?
3
Let f be (-3 - (-1 + 0)) + 0. Let g(s) = s**3 + 10*s**2 + 3. Let o be g(-10). Let r(n) = 0*n**2 - 3*n**2 + 1 + o*n + 2*n**2 - 2*n**3. Determine r(f).
7
Suppose -3*b = 0, -5*u - 20 = -0*u - 4*b. Let h(t) = t**2 + 3*t - 1. Let v be h(u). Let o(a) = a**3 - 5*a**2 + 5*a - 2. Give o(v).
-5
Let i(d) = 4*d**2 + d. Suppose -2*h = -4*r + 2*h - 16, 3*r + h = -20. Let x = -5 - r. Determine i(x).
5
Let b(s) be the first derivative of -s**3/3 + 14. Let v(f) = -f**2 + 3*f + 6. Let p be v(5). Let q = 6 + p. Determine b(q).
-4
Let a(h) be the second derivative of h**5/5 - h**4/12 + h**3/6 + h**2/2 + 13*h. Give a(-1).
-5
Let y(o) = o**2 + 4. Let i(l) = -1. Let w(h) = 12*i(h) + 3*y(h). Calculate w(1).
3
Let q(z) = z - 1. Let p(r) = -r**2 - 1. Let h be p(-4). Let f = -12 - h. Calculate q(f).
4
Suppose 22 = 5*h + 2. Suppose -4*k - 5*u - 29 = 0, h*u = 4*k - u - 21. Let d(n) be the first derivative of -7*n**2/2 - n + 1. Calculate d(k).
6
Let u(r) = -r**2 - 4*r + 1. Let y be u(-3). Let q(x) = -x**3 + 5*x**2 - 3*x - 3. Let p be q(y). Let s(k) = -4*k**2 + k - 1. Give s(p).
-4
Suppose 8*z = 3*z. Let t = 0 + z. Let l(k) = 6 + 2 + 2*k**3 - 3 - k**3 + k. Give l(t).
5
Let q(r) = r**2 - 9*r + 5*r + 4*r - 4. Let p = 1 - 1. Give q(p).
-4
Let j(q) = -q - 7. Let b be j(-9). Suppose b*t + 0 = -8. Let d(i) = i - 1. Let c(y) = -2*y + 3. Let f(n) = 2*c(n) + 5*d(n). What is f(t)?
-3
Let f(n) = -2*n**2 - 9*n + 5. Let g(i) = -i**2 - 4*i + 2. Let b(p) = -3*f(p) + 7*g(p). Give b(0).
-1
Let b(l) be the first derivative of l**2/2 + l - 3. Calculate b(-5).
-4
Let s be (2 - -2)/4*0. Suppose s*t + 12 = 6*t. Let y(g) = -5*g + 2. Give y(t).
-8
Let r = -4 + 7. Let n = r - 4. Let a(m) = -m**2 - m. Calculate a(n).
0
Let s(u) = 2*u**3 + 19*u**2 - u - 12. Let n(x) = -x**3 - 9*x**2 + x + 6. Let g(a) = 13*n(a) + 6*s(a). What is g(-4)?
-6
Let m(y) = y + 7. Let u be (-14)/4 - (-21)/14. Let c be (0/u*-1)/(-1). Give m(c).
7
Let u(r) = 2*r - 4. Suppose 3 + 0 = x. Suppose -x*m = -6*m. Let f be (-2)/6*m - -3. Determine u(f).
2
Let k(a) = -a + 1. Let b(i) = -i + 2. Let u(c) = b(c) - 2*k(c). Let f(m) = -m**2 + 6*m + 5. Let t(d) = f(d) - 5*u(d). What is t(4)?
-7
Suppose -w - 1 = -8. Let g(i) = i - 6. What is g(w)?
1
Let l(p) = -p**3 + 6*p**2 - 5*p - 1. Let z(x) be the third derivative of x**4/24 + x**3 + x**2. Let k be z(-8). Let r be (3 + k)*(7 + -2). What is l(r)?
-1
Let u(b) be the second derivative of b**5/4 - b**4/12 + b**2/2 + b. Suppose 2*f + 3*f - 30 = 0. Suppose 0 = -f*y + y + 5. Give u(y).
5
Let h(p) = -15*p - 82 + 83 + 19*p. Give h(-5).
-19
Let r(w) = w**2 - 7. Let x = -157 - -157. Give r(x).
-7
Let b(u) be the second derivative of -u**3/6 + 15*u**2/2 + 2*u. Give b(0).
15
Let a(v) = 2*v + 2. Let q(d) = -2*d + 4. Suppose 3*i = 5*i - 10. Let x be q(i). What is a(x)?
-10
Let i(f) = -f**3 + 6*f**2 - 8. Suppose -4*u + 34 = -2*n, -4*u + 0*u - 4*n + 4 = 0. Determine i(u).
-8
Let q(i) = -4*i - 7. Let z(o) = -2*o - 4. Let v be z(-3). Suppose 0 = v*u + 4*b + 26, 2*u + 2*u = 3*b - 8. Calculate q(u).
13
Let j be 1*(5 - 6) - 5. Let x(a) = -2*a - 9. What